f 1992/(-747)*(-131346)/4.
2, 3, 7297
Let n(f) = 2712*f**2 + 2*f + 6. List the prime factors of n(2).
2, 61, 89
Let i(y) = -y**3 - 17*y**2 - 10*y + 4. Let f(t) = -t**2 - t. Let g(c) = -f(c) + i(c). Let q = 9 - 25. List the prime factors of g(q).
2, 37
Let m = 45 + -40. Suppose g + 45 = m*g + b, -5*b - 75 = -5*g. Suppose 8*l + 408 = g*l. What are the prime factors of l?
2, 3, 17
Suppose -14*q + 13*q + 52 = d, 3*d = 5*q + 196. Suppose -d*n + 53*n = -236. List the prime factors of n.
59
Let f(b) = 9*b**2 + 1215*b - 380. What are the prime factors of f(-164)?
2, 5303
List the prime factors of (-808)/(-2222)*581691/6.
2, 17627
Let t(v) = -v**3 - 19*v**2 + 23*v - 9. Let m(s) = s**3 + s + 1. Let q(z) = 2*m(z) + t(z). Let c = 23 + -5. What are the prime factors of q(c)?
7, 17
Suppose -4*r + 2*p - 24 = 0, -3*p + 1 - 9 = 5*r. What are the prime factors of (r + (-882)/12)*10/(-5)?
5, 31
Let k(u) = 5*u**2 - 122*u + 715. What are the prime factors of k(79)?
2, 13, 857
What are the prime factors of (22/(-99)*102)/(1/(-456))?
2, 17, 19
Let i(l) = -l**2 - 31*l + 3789. List the prime factors of i(-73).
3, 241
Let g = 13069 + 11836. List the prime factors of g.
5, 17, 293
Let c(t) = -34*t + 4. Let k = 78 - 108. Let d be 32 + k + (-5)/(-2)*-2. What are the prime factors of c(d)?
2, 53
Let d(q) = -q. Let c(l) = 26*l + 1. Let g(z) = -c(z) + 6*d(z). Let n be g(-4). Suppose -126*f = -n*f + 148. What are the prime factors of f?
2, 37
Let d(i) = i**3 - 6*i + 16*i**2 + 21 + 4*i + 6*i. Let o be d(-15). Suppose 0 = -3*g + 21 + o. What are the prime factors of g?
3, 23
Suppose 270 = 6*z - 9*z. What are the prime factors of ((-36)/z)/((-1)/(-925))?
2, 5, 37
Suppose 146*u - 122*u - 108864 = 0. What are the prime factors of u?
2, 3, 7
Let u be (5 - 6) + (3 - 8). Let f(o) = -2*o**3 + 4*o**2 - 18*o - 10. List the prime factors of f(u).
2, 337
Let j(x) = -90*x - 8. Let o = 68 + -9. Let d = o + -61. List the prime factors of j(d).
2, 43
Suppose 4*g - 2*n - 19 = 7, -4*g - n + 11 = 0. Suppose 5*r - 7 - 44 = 2*b, 54 = g*r + 5*b. Suppose r*y - 5*y = 786. What are the prime factors of y?
131
Let o(k) = 160*k - 8. Let h be o(5). Suppose 5*l - 20 = 0, -4*d + h = -2*d + 3*l. What are the prime factors of d?
2, 3, 5, 13
Suppose -3*d - 2*o + 55579 = 0, 19033 = d + 3*o + 509. What are the prime factors of d?
97, 191
Let w = 284 - 768. Let u = -301 - w. Let y = -103 + u. List the prime factors of y.
2, 5
Suppose 0 = f + 4, 5*k + f - 598 = 858. List the prime factors of k.
2, 73
List the prime factors of 3 - -3*(-145783)/(-33).
2, 1657
What are the prime factors of 26724 + 95 - (-5)/((-5)/(-7))?
2, 3, 17, 263
Suppose -8*b + 455 = -b. Suppose b = -5*j - 55. List the prime factors of (-117)/(-5) + (j/(-30))/(-2).
23
Suppose 2*o + 192 - 1770 = 2*m, -5*o = -3*m - 3955. Let j = 1208 - o. List the prime factors of j.
2, 3, 23
Let i(k) = k + 4. Let r be i(8). Suppose -2*g + c + 6 = 0, 4*g - 5*c + 6 - 24 = 0. What are the prime factors of ((-5)/(-10))/(g/r) - -139?
2, 71
Let o(r) = 367*r**2 + 4*r - 60. List the prime factors of o(7).
29, 619
Suppose -15*r = -3*o - 19*r + 94258, 4 = r. List the prime factors of o.
2, 113, 139
Suppose 6*x + 5694 = 21900. List the prime factors of x.
37, 73
Let c(h) = 2*h**2 + 4*h + 1. Let s be 0 + -1 + 5 + 1 + 0. List the prime factors of c(s).
71
Suppose -3*z + 9 = 0, 3*z - 1265 = 4*p + 4*z. Let i = 398 + p. What are the prime factors of i?
3
Let l(q) = 55*q - 16. Let b be l(-8). Let u be ((-28)/8)/(4/b). Suppose 4*v = -3*v + u. What are the prime factors of v?
3, 19
Let t(n) = -6*n**2 - 9*n + 6. Let m be t(6). Let r = 883 + m. What are the prime factors of r?
619
What are the prime factors of (-1 - 23/(1/1*-2))*30?
3, 5, 7
Suppose -a + 4*l + 1223 = 0, 3*a - 1393 - 2236 = 2*l. Suppose -10 + 6 = b, 3*i - 4*b = a. List the prime factors of i.
397
Suppose 0 = -3912*m + 3893*m + 331759. List the prime factors of m.
19, 919
Suppose 27*b - 25*b = 4. Let i(h) = h**2 + 3*h**2 + 3 - 3*h**b + 3*h**2 - 17*h. What are the prime factors of i(7)?
2, 5
Let l = -69 - -55. List the prime factors of l/3 + 4 + (-2170)/(-6).
19
Suppose 0 = -4*t + 2*r - 13694, -3*r = -t - 5017 + 1596. Let l = t - -5218. What are the prime factors of 1/5 - l/(-30)?
2, 3, 5
Let r(g) = -17*g**2 + 17*g + 6. Let h(i) = -8*i**2 + 8*i + 3. Let z(p) = -13*h(p) + 6*r(p). Let o be 12 + 6*3*9/(-54). What are the prime factors of z(o)?
3, 47
Suppose 50*m - 2 = 49*m. Suppose 3*n + 5*i = 3307, m*n - 254 = -4*i + 1948. List the prime factors of n.
1109
Let r be ((-2)/(-8))/((-1)/(-4)). Let u(x) be the first derivative of 13*x**3/3 - x**2 + x + 2. What are the prime factors of u(r)?
2, 3
Suppose -2*j + 3*c + 36137 = -2*c, 3*c = 15. What are the prime factors of j?
3, 7, 41
Let o(r) = r**3 + 8*r**2 + 7*r + 10. Let m be o(-7). Let c = m - 22. List the prime factors of (-1 - c/20)*-100.
2, 5
Let y be (-156)/(-27) - 10/(-45). Suppose -3*i + y = -3. List the prime factors of 59 - (i - 0)/(-1).
2, 31
Let i be 2/(2/(-66)*-2). Suppose 41 = 2*m + i. Suppose 105 + 47 = m*n. What are the prime factors of n?
2, 19
What are the prime factors of 9/3 - -17549 - 19/(57/18)?
2, 31, 283
Let x = -35 - -49. Suppose -17*h + 15 = -x*h. Suppose -b = -3*a - 107, 5*a = 20 - h. List the prime factors of b.
2, 29
Let m(a) = -a**2 + 7*a + 20. Let w be m(9). Suppose 0*j = 4*j + 5*i - 1742, -1310 = -3*j - w*i. Suppose -8*g = -6*g - j. What are the prime factors of g?
3, 73
Let g(c) = 1181*c**2 + 41*c + 133. What are the prime factors of g(-3)?
10639
Suppose -9*c = -11*c - 106. Let v = c - -58. Suppose 0 = -3*a + x + 9, 5*a - 15 = -0*x + v*x. List the prime factors of a.
3
Let v be 76 + (8/(-12))/((-1)/(-6)). What are the prime factors of 786 - (-5)/(6/(v/(-15)))?
2, 17, 23
Let i = 445 - 362. Suppose -i*f = -78*f - 4070. List the prime factors of f.
2, 11, 37
Let m = -17 + -99. Let j = m - -120. Suppose -888 = -j*h + 2*y, -4*y + 1097 = -h + 6*h. List the prime factors of h.
13, 17
Let b(o) = o**2 - 20*o + 63. Let f be b(17). Let i(t) = 60*t - f - 46*t - 20. List the prime factors of i(7).
2, 3, 11
Let n = 1273 + 5383. What are the prime factors of n?
2, 13
Let f(a) = 217*a**2 + 6*a + 5. Suppose 3*x + 0*v = 5*v + 2, -x + 3 = -4*v. What are the prime factors of f(x)?
2, 3
List the prime factors of (-2124)/8*-120 - (6 + -2 - 2).
2, 17, 937
Let g = -4 - 4. Let r = g - -100. Suppose 0 = 6*c - 76 - r. List the prime factors of c.
2, 7
Let v(n) = 6*n - 18. Let c be v(3). Let d be (-25)/5 + c + 5. Suppose d = 3*q - 269 - 70. List the prime factors of q.
113
Let d(c) = c. Let b(t) = -t**2 - 2. Let v(l) = b(l) + 3*d(l). Let q be v(-3). Let n = 79 + q. What are the prime factors of n?
59
Suppose 4*p = 3*i + 8*p + 10, -3*i + 2 = p. Let b be -1*2/(-8)*i*878. Suppose -b = -3*t - 0*j + 4*j, -4 = 4*j. What are the prime factors of t?
5, 29
Let f be (-57)/(-42)*-2 + (-24)/84. List the prime factors of -1 - f - 5 - -594.
3, 197
Let w = -91 + 93. Let m be 2 + w - (3 + -2 - -2). Let j(a) = 137*a**2 - 2*a + 1. List the prime factors of j(m).
2, 17
Let h(b) be the third derivative of -1/120*b**6 - 1/12*b**4 + 0 - 3/10*b**5 + 19/6*b**3 - 21*b**2 + 0*b. List the prime factors of h(-18).
5, 11
Let f(y) = 344*y**2 - 29*y - 130. List the prime factors of f(-4).
2, 3, 5, 61
Let t = -187 + 147. What are the prime factors of t/(-10) + (211 - 7)?
2, 13
Let r(m) = 159*m**2 - 105*m - 59. What are the prime factors of r(-8)?
10957
Let w = 20395 - 12666. What are the prime factors of w?
59, 131
Suppose 3*s - 4*n - 11 = 0, -8*n - 5 = -13*n. Suppose 0 = 15*a - 14*a - t - 373, -3*t + 1897 = s*a. What are the prime factors of a?
13, 29
Let l be (-6)/10 - (-1685)/(-25). Let v = l + 65. Let q(t) = -5*t**3 + t**2 - 2*t - 3. List the prime factors of q(v).
3, 7
Suppose -92 = 5*u + 243. Let m = u + 33. What are the prime factors of m/85 + 12/5?
2
Suppose 0 = -f + 3*m + 4830, 2*f = -5*m + 12762 - 3058. What are the prime factors of f?
2, 3, 269
Let c(b) = -4*b**2 + 9*b + 34. Let m be c(-5). List the prime factors of (-8142)/(-4)*(-74)/m.
23, 59
Let y(h) be the first derivative of 7*h**3/3 + 2*h**2 + 76*h - 35. What are the prime factors of y(-12)?
2, 7, 37
Let l be 0/(-8 + 5) - 43*5. Let g = l + -226. What are the prime factors of 3/2 - (g/6)/1?
3, 5
Suppose 2*f + 518 = 4*h, -h + 3*h + 2*f